{"id":143,"date":"2016-11-16T10:17:26","date_gmt":"2016-11-16T09:17:26","guid":{"rendered":"http:\/\/www.jeg-enautist.dk\/blog\/?page_id=143"},"modified":"2016-11-16T10:17:26","modified_gmt":"2016-11-16T09:17:26","slug":"nyttige-links","status":"publish","type":"page","link":"https:\/\/www.jeg-enautist.dk\/blog\/index.php\/nyttige-links\/","title":{"rendered":"Nyttige links"},"content":{"rendered":"<p>Jeg har her pr\u00f8vet at samle en r\u00e6kke relevante links, som andre med autisme eller for\u00e6ldre til b\u00f8rn med autisme kan have gl\u00e6de af.<\/p>\n<p>Hvis der er nogen jeg har glemt, er du velkommen til at skrive det i en kommentar.<\/p>\n<p><strong>Foreninger\/netv\u00e6rk<\/strong><\/p>\n<p><a href=\"http:\/\/www.autismeforening.dk\/\">Landsforeningen Autisme<\/a> &#8211; for b\u00e5de autister og deres familier<\/p>\n<p><a href=\"http:\/\/www.aspergerforeningen.dk\/\">Autisme- og Aspergerforeningen for voksne<\/a> &#8211; for voksne autister<\/p>\n<p><a href=\"http:\/\/nauk.dk\/\">NAUK<\/a> &#8211; netv\u00e6rk for autistiske kvinder. Der er grupper, der m\u00f8des ca. en gang om m\u00e5neden flere steder i landet. Siden er ikke helt opdateret, men kontakt Louise (eller mig) hvis du vil vide mere.<\/p>\n<p><strong>Private og personlige sider<\/strong><\/p>\n<p><a href=\"http:\/\/overlevelsesguiden.dk\/\">Overlevelsesguiden<\/a> &#8211; skrevet af en kvinde, der selv har b\u00e5de autisme og ADHD og har b\u00f8rn med begge diagnoser.<\/p>\n<p><a href=\"https:\/\/autismetanken.dk\/\">Autismetanken<\/a> &#8211; skrevet af en mor til to drenge, den ene med autisme.<\/p>\n<p><strong>R\u00e5dgivning og lovgivning<\/strong><\/p>\n<p><a href=\"http:\/\/www.dukh.dk\/\">DUKH<\/a> &#8211; Den Uvildige Konsulentordning p\u00e5 Handicapomr\u00e5det. Man kan finde afg\u00f8relser og brochurer p\u00e5 deres hjemmeside, men vigtigst af alt, s\u00e5 kan man kontakte dem og f\u00e5 r\u00e5dgivning om hvilken hj\u00e6lp man har mulighed for. Det er gratis.<\/p>\n<p><a href=\"http:\/\/socialstyrelsen.dk\/viso\">VISO<\/a> &#8211; en del af Socialstyrelsen, der yder specialistr\u00e5dgivning. Prim\u00e6rt til kommuner, men man kan ogs\u00e5 som almindelig borger kontakte VISO. VISOs hj\u00e6lp er gratis.<\/p>\n<p><a href=\"https:\/\/ast.dk\/\">Ankestyrelsen<\/a> &#8211; hos Ankestyrelsen kan man finde principafg\u00f8relser. Det er ogs\u00e5 Ankestyrelsen, der behandler klager over kommunerne, hvis ikke kommunen giver medhold i f\u00f8rste klage.<\/p>\n<p><a href=\"https:\/\/www.retsinformation.dk\/\">Retsinformation<\/a> &#8211; en samling af alle danske love, b\u00e5de g\u00e6ldende og historiske. Den vigtigste for de fleste af os er serviceloven.<\/p>\n","protected":false},"excerpt":{"rendered":"<p>Jeg har her pr\u00f8vet at samle en r\u00e6kke relevante links, som andre med autisme eller for\u00e6ldre til b\u00f8rn med autisme kan have gl\u00e6de af. Hvis der er nogen jeg har glemt, er du velkommen til at skrive det i en kommentar. Foreninger\/netv\u00e6rk Landsforeningen Autisme &#8211; for b\u00e5de autister og deres familier Autisme- og Aspergerforeningen for [&hellip;]<\/p>\n","protected":false},"author":1,"featured_media":0,"parent":0,"menu_order":0,"comment_status":"closed","ping_status":"closed","template":"","meta":{"footnotes":""},"class_list":["post-143","page","type-page","status-publish","hentry"],"_links":{"self":[{"href":"https:\/\/www.jeg-enautist.dk\/blog\/index.php\/wp-json\/wp\/v2\/pages\/143","targetHints":{"allow":["GET"]}}],"collection":[{"href":"https:\/\/www.jeg-enautist.dk\/blog\/index.php\/wp-json\/wp\/v2\/pages"}],"about":[{"href":"https:\/\/www.jeg-enautist.dk\/blog\/index.php\/wp-json\/wp\/v2\/types\/page"}],"author":[{"embeddable":true,"href":"https:\/\/www.jeg-enautist.dk\/blog\/index.php\/wp-json\/wp\/v2\/users\/1"}],"replies":[{"embeddable":true,"href":"https:\/\/www.jeg-enautist.dk\/blog\/index.php\/wp-json\/wp\/v2\/comments?post=143"}],"version-history":[{"count":5,"href":"https:\/\/www.jeg-enautist.dk\/blog\/index.php\/wp-json\/wp\/v2\/pages\/143\/revisions"}],"predecessor-version":[{"id":148,"href":"https:\/\/www.jeg-enautist.dk\/blog\/index.php\/wp-json\/wp\/v2\/pages\/143\/revisions\/148"}],"wp:attachment":[{"href":"https:\/\/www.jeg-enautist.dk\/blog\/index.php\/wp-json\/wp\/v2\/media?parent=143"}],"curies":[{"name":"wp","href":"https:\/\/api.w.org\/{rel}","templated":true}]}}